. Suppose -4*r - 81 = -2*c - 5*r, -127 = -3*c + 4*r. What is the remainder when c is divided by h(l)?
19
Let t be (-1 + 4 + -2)*(32 - 1). Suppose -7*z + 3*z + t = 3*f, -3*z = f - 2. Suppose -16 + 82 = 2*g. Calculate the remainder when g is divided by f.
16
Let i = -4194 + 4362. Calculate the remainder when 339 is divided by i.
3
Suppose -3*t = 2*y - 461, 0 = -48*y + 44*y + 3*t + 859. What is the remainder when y is divided by 74?
72
Suppose 5*c + 6170 = 5*o, 0 = 6*o - 2*o + 3*c - 4915. What is the remainder when o is divided by 56?
55
Let t = -226 - -236. Calculate the remainder when 139 + t/(-6 + 4) is divided by 45.
44
Let j = -120576 - -120725. Let d = 44 + -19. What is the remainder when j is divided by d?
24
Calculate the remainder when (2/9 - (-628)/(-72))/(82/(-7052)) is divided by 16.
11
Let y(p) = -562*p + 1702. Let m(j) = j**2 - 4*j - 5. What is the remainder when m(-5) is divided by y(3)?
8
Suppose 2083 = 8*h + 1579. Calculate the remainder when 806 is divided by h.
50
Calculate the remainder when 1969 is divided by (8 - (-78)/30)/(7/35).
8
Let l(x) = -508*x - 475. Calculate the remainder when 1814 is divided by l(-1).
32
What is the remainder when 2963 is divided by 5376/120*25/20?
51
Suppose 0 = -2*c - 3*r + 469 - 149, -3*c - 3*r + 477 = 0. Suppose -5*f - c = -6*f. Let i = f - 84. What is the remainder when i is divided by 11?
7
Suppose -171*k + 199 + 1682 = 0. Calculate the remainder when 364 is divided by k.
1
Let p be (-4)/(-10)*(-620)/4. Let s = 173 + p. What is the remainder when s is divided by 23?
19
Suppose 0 = 5*l - 38 + 8. Suppose -l*c + 50 + 76 = 0. Let z = c - 11. What is the remainder when z is divided by 3?
1
Let l be (-3)/(-15) - -51*4/30. Suppose -6 - 57 = l*b. Calculate the remainder when 165 is divided by ((-5 - -5) + b/(-6))*28.
39
Let m(q) = -1 + 5*q**2 + 2*q**3 - q**3 + 3*q**2 - 3*q. Calculate the remainder when -2*(11 + 65/(-2)) is divided by m(-8).
20
Let n(y) = -y**2 + 211*y + 5914. Suppose -5 = -4*l + 3. Suppose -3*t + l*j = -8, 5*j - 3 - 3 = t. Calculate the remainder when n(236) is divided by t.
2
What is the remainder when ((-174)/(-15) - (-7 + 19))*-1600 is divided by 13?
3
Let y = 1242 + -725. Let k = -405 + y. Calculate the remainder when k is divided by 63.
49
Let i = -1782 + 1820. What is the remainder when 183 is divided by i?
31
Let d be (2 + 8/(-10))/(3/15). Let k(a) = 8*a - 45. Let j be k(d). Calculate the remainder when 149 is divided by ((-303)/(-9) - j) + (-8)/12.
29
Let y = 2579 + -2483. Calculate the remainder when 3454 is divided by y.
94
Let k(u) = u**2 + 3*u - 3. Let f be k(-4). What is the remainder when 20 - -1 - 0/f is divided by (-104)/(-14) + 192/(-448)?
0
Suppose 0 = -2*u - 2*u + 5*w + 264, 132 = 2*u - w. Suppose -3*b = 4*j - 88, 14*j - u = 11*j - 5*b. What is the remainder when 108 is divided by j?
20
Let k(q) = q**2 + 2*q + 10. Suppose -15*z + 235 = -140. What is the remainder when k(-7) is divided by z?
20
Suppose 3*j - 3*t = -2*t + 4562, 0 = -2*t - 10. What is the remainder when j is divided by 40?
39
Suppose -90*i + 104*i - 1526 = 0. What is the remainder when i is divided by 1/7 + -1*608/(-56)?
10
Let y = 4056 - 3998. What is the remainder when y is divided by 38?
20
Suppose 5*h = 5*y - 7605, -12*y + 4*h = 2454 - 20698. What is the remainder when y is divided by 110?
90
Let f = 4 - -18. Suppose -n - 2*j = -275, 32 = 4*n - 4*j - 1104. Calculate the remainder when n is divided by f.
17
What is the remainder when (-1)/4 - 2/((768/(-15510))/16) is divided by 133?
114
Suppose 2*y = -4 + 34. Let t = 228 - 78. Suppose -y*r + t = -10*r. What is the remainder when 116 is divided by r?
26
Let o = 34 + 7. Calculate the remainder when (168/18)/(12/90) is divided by o.
29
Suppose -6 = -2*a + 4. Suppose 390 = -31*f + 297. Calculate the remainder when f/((-3)/a*(-50)/(-40)) is divided by 4.
0
Let m(r) = 71*r - 490. What is the remainder when 356 is divided by m(8)?
44
Let n = -133 - -151. Suppose 0 = -4*h - p + 47, 12*h = 11*h + p + n. Let l(s) = -s**3 - s**2 - 3*s - 3. Calculate the remainder when h is divided by l(-2).
6
Let y = -10377 + 11670. Calculate the remainder when y is divided by 35.
33
Let v(z) = -20*z - 218. Let g be v(-11). Suppose -3*p = 0, -2*p + g - 12 = -y. What is the remainder when 46 is divided by y?
6
Let u be (-65)/(2 - 7) - 0. Calculate the remainder when ((3 + -1)/4)/(u/5538) is divided by 36.
33
Suppose 5*b = 4*a + 11, -5*a - 24 = -0*a + 4*b. What is the remainder when (508*a/8)/(-2) - 3 is divided by 42?
40
Suppose 4*g - 2*r = 362, 2*g - 6*r - 435 = -3*g. Calculate the remainder when g is divided by 52.
41
Let d(z) = 799 - 397 - 3*z + 129*z**3 + 3*z**2 - 401. Let q(y) = y**3 + 10*y**2 - 3*y + 3. Calculate the remainder when d(1) is divided by q(-10).
31
What is the remainder when 115 is divided by 3570/54 - 36/324?
49
Let z(q) be the second derivative of -1/2*q**2 + 0 - 7*q + 0*q**3 + 4*q**4. What is the remainder when z(1) is divided by 16?
15
Let b = -1627 - -1633. What is the remainder when (2 - -160)*(-21)/(-14) is divided by b?
3
Suppose 11*o - 18*o + 539 = 0. Suppose 74*y = o*y - 33. Calculate the remainder when (-187)/(-5) + 2/(-5) is divided by y.
4
Let d = -4648 - -4695. Calculate the remainder when 392 is divided by d.
16
Suppose 3*i = 2*h - 1714, -954 = -2*h + 2*i + 760. Suppose -h - 531 = -5*x + 4*l, l = 3. What is the remainder when x is divided by 73?
61
What is the remainder when 3/(-8) - (-705)/24 is divided by 10/(((-8)/10)/(8/(-20)))?
4
Let f = -25225 - -25632. What is the remainder when f is divided by 41?
38
Calculate the remainder when 744 is divided by 2/22 - 571128/(-2332).
9
Let o = 0 + 2. Suppose p = -3, o*p = -4*z - 0*p - 70. What is the remainder when (8/6)/(z/(-1704)) is divided by 24?
22
Let i = -1285 - -1332. Suppose -5*c + 105 = 5*h, -25 = -3*h + c + 18. Calculate the remainder when i is divided by h.
15
Let z(c) = -105*c - 133. Calculate the remainder when 768 is divided by z(-2).
75
Let t(x) = -8*x + 74. Let j be t(-13). Let y = -12 + j. Suppose -u + 12 = -45. What is the remainder when y is divided by u?
52
Let z = 32 - 27. Suppose 7*t - 4*t + 18 = -5*u, 0 = -2*t - 4*u - 10. What is the remainder when (-3)/(-1 + 0) - t is divided by z?
4
Let d = -8 + 14. Suppose -2*r = -d*r + 92. Let y(x) = x**3 - 12*x**2 + 6518*x - 84794. What is the remainder when y(13) is divided by r?
17
Suppose -2*x = f - 4*f + 15, 0 = -f + 5. Suppose -5*s - 5*w + 790 = x, 4*w + 488 = -13*s + 16*s. Calculate the remainder when s is divided by 27.
25
Let a(o) = -3*o**3 - 35*o**2 - 21*o + 35. Suppose 5*b + 26 = 5*w + 106, 2*b - 18 = -5*w. What is the remainder when a(-11) is divided by b?
10
Let n = 9110 + -8959. Calculate the remainder when 509 is divided by n.
56
Suppose -65 = -3*n - 2*n. Let w = -126 + 330. Suppose -3*u - 3*b + 0*b + w = 0, 0 = 3*u - 4*b - 176. Calculate the remainder when u is divided by n.
12
What is the remainder when 2725 is divided by ((-9)/12 + 12/144)/(8/(-1428))?
107
Let d = -686 - -689. Let f(y) = -y + 8. Let n be f(6). Suppose i - 60 = -n*o + d*i, 0 = 5*o + 4*i - 105. Calculate the remainder when 74 is divided by o.
24
Calculate the remainder when -9*((-6 - 7) + -1 + 9) is divided by 13.
6
Calculate the remainder when 392 is divided by 12/(-24)*(-8 + -136).
32
Suppose -6 = 14*v - 16*v. Suppose -2*y = -p + 4, 3*y - 5*y - 8 = -v*p. Suppose p - 28 = -2*f. What is the remainder when 77 is divided by f?
12
Let s(x) = -x**3 + 9*x**2 - 8*x + 16. Let j be s(5). Let u = j + -64. Suppose 2*l + 2*l - u = 0. What is the remainder when 5 is divided by l?
2
Suppose -36*c = -30*c - 90. Let a(b) = 4*b - 55. What is the remainder when 12 is divided by a(c)?
2
Let o(j) = -74*j - 296. Calculate the remainder when o(-5) is divided by 37.
0
Suppose -5*f = 5*n - 170, 48*f + 96 = 51*f + n. Suppose 17*x = f*x - 70. Let o = 30 + -7. Calculate the remainder when o is divided by x.
3
Suppose 49 = t - 0. Suppose 7*v - 300 = 3*v. Calculate the remainder when v is divided by (-8)/(-12) - (4 - t/3).
10
Let n(x) = -72*x + 3531. Calculate the remainder when n(43) is divided by 92.
67
Suppose 2*y - 3 = 19. Suppose -5*b = -2*k - 82, 3*k - 40 + 10 = -b. Suppose 161 = b*g - y*g. What is the remainder when g is divided by 12?
11
Let u(t) = -17*t - 68. What is the